{"id":1547,"date":"2026-03-24T11:47:02","date_gmt":"2026-03-24T10:47:02","guid":{"rendered":"http:\/\/localhost\/mon_projet1\/?page_id=1547"},"modified":"2026-04-13T15:49:48","modified_gmt":"2026-04-13T15:49:48","slug":"services-specialises","status":"publish","type":"page","link":"https:\/\/cacaosolution.com\/index.php\/services-specialises\/","title":{"rendered":"SERVICES SP\u00c9CIALIS\u00c9S (Formulaire)"},"content":{"rendered":"\n<div class=\"forminator-guttenberg\"><div class=\"forminator-ui forminator-custom-form forminator-custom-form-1704 forminator-design--default  forminator_ajax\" data-forminator-render=\"0\" data-form=\"forminator-module-1704\" data-uid=\"6a04ea52eba65\"><br\/><\/div><form\n\t\t\t\tid=\"forminator-module-1704\"\n\t\t\t\tclass=\"forminator-ui forminator-custom-form forminator-custom-form-1704 forminator-design--default  forminator_ajax\"\n\t\t\t\tmethod=\"post\"\n\t\t\t\tdata-forminator-render=\"0\"\n\t\t\t\tdata-form-id=\"1704\"\n\t\t\t\t data-color-option=\"theme\" data-design=\"default\" data-grid=\"open\" style=\"display: none;\"\n\t\t\t\tdata-uid=\"6a04ea52eba65\"\n\t\t\t><div role=\"alert\" aria-live=\"polite\" class=\"forminator-response-message forminator-error\" aria-hidden=\"true\"><\/div><div class=\"forminator-row\"><div id=\"name-1\" class=\"forminator-field-name forminator-col forminator-col-12 \"><div class=\"forminator-field\"><label for=\"forminator-field-name-1_6a04ea52eba65\" id=\"forminator-field-name-1_6a04ea52eba65-label\" class=\"forminator-label\">Nom &amp; Pr\u00e9noms <span class=\"forminator-required\">*<\/span><\/label><input type=\"text\" name=\"name-1\" value=\"\" placeholder=\"\" id=\"forminator-field-name-1_6a04ea52eba65\" class=\"forminator-input forminator-name--field\" aria-required=\"true\" autocomplete=\"name\" \/><\/div><\/div><\/div><div class=\"forminator-row\"><div id=\"phone-1\" class=\"forminator-field-phone forminator-col forminator-col-6 \"><div class=\"forminator-field\"><label for=\"forminator-field-phone-1_6a04ea52eba65\" id=\"forminator-field-phone-1_6a04ea52eba65-label\" class=\"forminator-label\">Num\u00e9ro WhatsApp <span class=\"forminator-required\">*<\/span><\/label><input type=\"text\" name=\"phone-1\" value=\"\" placeholder=\"\" id=\"forminator-field-phone-1_6a04ea52eba65\" class=\"forminator-input forminator-field--phone\" data-required=\"1\" aria-required=\"true\" autocomplete=\"off\" \/><\/div><\/div><div id=\"email-1\" class=\"forminator-field-email forminator-col forminator-col-6 \"><div class=\"forminator-field\"><label for=\"forminator-field-email-1_6a04ea52eba65\" id=\"forminator-field-email-1_6a04ea52eba65-label\" class=\"forminator-label\">Adresse de messagerie <span class=\"forminator-required\">*<\/span><\/label><input type=\"email\" name=\"email-1\" value=\"\" placeholder=\"\" id=\"forminator-field-email-1_6a04ea52eba65\" class=\"forminator-input forminator-email--field\" data-required=\"1\" aria-required=\"true\" autocomplete=\"email\" \/><\/div><\/div><\/div><div class=\"forminator-row\"><div id=\"textarea-1\" class=\"forminator-field-textarea forminator-col forminator-col-12 \"><div class=\"forminator-field\"><label for=\"forminator-field-textarea-1_6a04ea52eba65\" id=\"forminator-field-textarea-1_6a04ea52eba65-label\" class=\"forminator-label\">Texte <span class=\"forminator-required\">*<\/span><\/label><textarea name=\"textarea-1\" placeholder=\"\" id=\"forminator-field-textarea-1_6a04ea52eba65\" class=\"forminator-textarea\" rows=\"6\" style=\"--forminator-textarea-min-height:140px;\" ><\/textarea><\/div><\/div><\/div><div class=\"forminator-row\"><div id=\"select-1\" class=\"forminator-field-select forminator-col forminator-col-12 \"><div class=\"forminator-field\"><label for=\"forminator-form-1704__field--select-1_6a04ea52eba65\" id=\"forminator-form-1704__field--select-1_6a04ea52eba65-label\" class=\"forminator-label\">S\u00e9lectionner Le Service Sp\u00e9cialis\u00e9 Souhait\u00e9<\/label><select  id=\"forminator-form-1704__field--select-1_6a04ea52eba65\" class=\"forminator-select--field forminator-select2 forminator-select2-multiple\" data-required=\"\" name=\"select-1\" data-default-value=\"\" data-hidden-behavior=\"zero\" data-placeholder=\"\" data-search=\"false\" data-search-placeholder=\"\" data-checkbox=\"false\" data-allow-clear=\"false\" aria-labelledby=\"forminator-form-1704__field--select-1_6a04ea52eba65-label\"><option value=\"Vide\"  data-calculation=\"0\">Merci de Choisir une option<\/option><option value=\"INTERFVENTIONS-D&#039;URGENCE\"  data-calculation=\"0\">INTERFVENTIONS D&rsquo;URGENCE<\/option><option value=\"FORMATIONS\"  data-calculation=\"0\">FORMATIONS<\/option><option value=\"one\"  data-calculation=\"0\">ANALYSE DE LABORATOIRES<\/option><option value=\"two\"  data-calculation=\"0\">RECHERCHE &amp; DEVELOPPEMENT<\/option><\/select><\/div><\/div><\/div><div class=\"forminator-row\"><div id=\"select-2\" class=\"forminator-field-select forminator-col forminator-col-12 \"><div class=\"forminator-field\"><label for=\"forminator-form-1704__field--select-2_6a04ea52eba65\" id=\"forminator-form-1704__field--select-2_6a04ea52eba65-label\" class=\"forminator-label\">S\u00e9lectionner Votre R\u00e9gion d&#039;Origine<\/label><select  id=\"forminator-form-1704__field--select-2_6a04ea52eba65\" class=\"forminator-select--field forminator-select2 forminator-select2-multiple\" data-required=\"\" name=\"select-2\" data-default-value=\"\" data-hidden-behavior=\"zero\" data-placeholder=\"\" data-search=\"false\" data-search-placeholder=\"\" data-checkbox=\"false\" data-allow-clear=\"false\" aria-labelledby=\"forminator-form-1704__field--select-2_6a04ea52eba65-label\"><option value=\"Vide\"  data-calculation=\"0\">Merci de choisir une option<\/option><option value=\"one\"  data-calculation=\"0\">Abengourou<\/option><option value=\"two\"  data-calculation=\"0\">Abidjan<\/option><option value=\"District-Autonome-de-la-Como\u00e9-(Chef-lieu-:-Abengourou)\"  data-calculation=\"0\">Aboisso<\/option><option value=\"District-Autonome-du-Bas-Sassandra-(Chef-lieu-:-San-P\u00e9dro)\"  data-calculation=\"0\">Agnibl\u00e9kro<\/option><option value=\"District-Autonome-des-Lacs-(Chef-lieu-:-Dimbokro)\"  data-calculation=\"0\">Agboville<\/option><option value=\"Bangolo\"  data-calculation=\"0\">Bangolo<\/option><option value=\"Biankouma\"  data-calculation=\"0\">Biankouma<\/option><option value=\"Bonon\"  data-calculation=\"0\">Bonon<\/option><option value=\"Bouafl\u00e9\"  data-calculation=\"0\">Bouafl\u00e9<\/option><option value=\"Buyo\"  data-calculation=\"0\">Buyo<\/option><option value=\"Dabou\"  data-calculation=\"0\">Dabou<\/option><option value=\"Daloa\"  data-calculation=\"0\">Daloa<\/option><option value=\"Danan\u00e9\"  data-calculation=\"0\">Danan\u00e9<\/option><option value=\"Daoukro\"  data-calculation=\"0\">Daoukro<\/option><option value=\"Divo\"  data-calculation=\"0\">Divo<\/option><option value=\"Dimbokro\"  data-calculation=\"0\">Dimbokro<\/option><option value=\"Du\u00e9kou\u00e9\"  data-calculation=\"0\">Du\u00e9kou\u00e9<\/option><option value=\"Gagnoa\"  data-calculation=\"0\">Gagnoa<\/option><option value=\"Grand-B\u00e9r\u00e9by\"  data-calculation=\"0\">Grand-B\u00e9r\u00e9by<\/option><option value=\"Grand-Lahou\"  data-calculation=\"0\">Grand-Lahou<\/option><option value=\"Guiglo\"  data-calculation=\"0\">Guiglo<\/option><option value=\"Issia\"  data-calculation=\"0\">Issia<\/option><option value=\"Lakota\"  data-calculation=\"0\">Lakota<\/option><option value=\"Man\"  data-calculation=\"0\">Man<\/option><option value=\"Oum\u00e9\"  data-calculation=\"0\">Oum\u00e9<\/option><option value=\"Sa\u00efoua\"  data-calculation=\"0\">Sa\u00efoua<\/option><option value=\"San-P\u00e9dro\"  data-calculation=\"0\">San P\u00e9dro<\/option><option value=\"Sinfra\"  data-calculation=\"0\">Sinfra<\/option><option value=\"Soubr\u00e9\"  data-calculation=\"0\">Soubr\u00e9<\/option><option value=\"Ti\u00e9bissou\"  data-calculation=\"0\">Ti\u00e9bissou<\/option><option value=\"Toumodi\"  data-calculation=\"0\">Toumodi<\/option><option value=\"Vavoua\"  data-calculation=\"0\">Vavoua<\/option><option value=\"Yamoussoukro\"  data-calculation=\"0\">Yamoussoukro<\/option><option value=\"Zouan-Hounien\"  data-calculation=\"0\">Zouan-Hounien<\/option><\/select><\/div><\/div><\/div><input type=\"hidden\" name=\"referer_url\" value=\"\" \/><div class=\"forminator-row forminator-row-last\"><div class=\"forminator-col\"><div class=\"forminator-field\"><button class=\"forminator-button forminator-button-submit\">Envoyer<\/button><\/div><\/div><\/div><input type=\"hidden\" id=\"forminator_nonce\" name=\"forminator_nonce\" value=\"a1e519f728\" \/><input type=\"hidden\" name=\"_wp_http_referer\" value=\"\/index.php\/wp-json\/wp\/v2\/pages\/1547\" \/><input type=\"hidden\" name=\"form_id\" value=\"1704\"><input type=\"hidden\" name=\"page_id\" value=\"1547\"><input type=\"hidden\" name=\"form_type\" value=\"default\"><input type=\"hidden\" name=\"current_url\" value=\"https:\/\/cacaosolution.com\/index.php\/services-specialises\/\"><input type=\"hidden\" name=\"render_id\" value=\"0\"><input type=\"hidden\" name=\"action\" value=\"forminator_submit_form_custom-forms\"><\/form><\/div>\n","protected":false},"excerpt":{"rendered":"","protected":false},"author":1,"featured_media":0,"parent":0,"menu_order":0,"comment_status":"closed","ping_status":"closed","template":"","meta":{"ngg_post_thumbnail":0,"ocean_post_layout":"","ocean_both_sidebars_style":"","ocean_both_sidebars_content_width":0,"ocean_both_sidebars_sidebars_width":0,"ocean_sidebar":"","ocean_second_sidebar":"","ocean_disable_margins":"enable","ocean_add_body_class":"","ocean_shortcode_before_top_bar":"","ocean_shortcode_after_top_bar":"","ocean_shortcode_before_header":"","ocean_shortcode_after_header":"","ocean_has_shortcode":"","ocean_shortcode_after_title":"","ocean_shortcode_before_footer_widgets":"","ocean_shortcode_after_footer_widgets":"","ocean_shortcode_before_footer_bottom":"","ocean_shortcode_after_footer_bottom":"","ocean_display_top_bar":"default","ocean_display_header":"default","ocean_header_style":"","ocean_center_header_left_menu":"","ocean_custom_header_template":"","ocean_custom_logo":0,"ocean_custom_retina_logo":0,"ocean_custom_logo_max_width":0,"ocean_custom_logo_tablet_max_width":0,"ocean_custom_logo_mobile_max_width":0,"ocean_custom_logo_max_height":0,"ocean_custom_logo_tablet_max_height":0,"ocean_custom_logo_mobile_max_height":0,"ocean_header_custom_menu":"","ocean_menu_typo_font_family":"","ocean_menu_typo_font_subset":"","ocean_menu_typo_font_size":0,"ocean_menu_typo_font_size_tablet":0,"ocean_menu_typo_font_size_mobile":0,"ocean_menu_typo_font_size_unit":"px","ocean_menu_typo_font_weight":"","ocean_menu_typo_font_weight_tablet":"","ocean_menu_typo_font_weight_mobile":"","ocean_menu_typo_transform":"","ocean_menu_typo_transform_tablet":"","ocean_menu_typo_transform_mobile":"","ocean_menu_typo_line_height":0,"ocean_menu_typo_line_height_tablet":0,"ocean_menu_typo_line_height_mobile":0,"ocean_menu_typo_line_height_unit":"","ocean_menu_typo_spacing":0,"ocean_menu_typo_spacing_tablet":0,"ocean_menu_typo_spacing_mobile":0,"ocean_menu_typo_spacing_unit":"","ocean_menu_link_color":"","ocean_menu_link_color_hover":"","ocean_menu_link_color_active":"","ocean_menu_link_background":"","ocean_menu_link_hover_background":"","ocean_menu_link_active_background":"","ocean_menu_social_links_bg":"","ocean_menu_social_hover_links_bg":"","ocean_menu_social_links_color":"","ocean_menu_social_hover_links_color":"","ocean_disable_title":"default","ocean_disable_heading":"default","ocean_post_title":"","ocean_post_subheading":"","ocean_post_title_style":"","ocean_post_title_background_color":"","ocean_post_title_background":0,"ocean_post_title_bg_image_position":"","ocean_post_title_bg_image_attachment":"","ocean_post_title_bg_image_repeat":"","ocean_post_title_bg_image_size":"","ocean_post_title_height":0,"ocean_post_title_bg_overlay":0.5,"ocean_post_title_bg_overlay_color":"","ocean_disable_breadcrumbs":"default","ocean_breadcrumbs_color":"","ocean_breadcrumbs_separator_color":"","ocean_breadcrumbs_links_color":"","ocean_breadcrumbs_links_hover_color":"","ocean_display_footer_widgets":"default","ocean_display_footer_bottom":"default","ocean_custom_footer_template":"","footnotes":""},"class_list":["post-1547","page","type-page","status-publish","hentry","entry"],"_links":{"self":[{"href":"https:\/\/cacaosolution.com\/index.php\/wp-json\/wp\/v2\/pages\/1547","targetHints":{"allow":["GET"]}}],"collection":[{"href":"https:\/\/cacaosolution.com\/index.php\/wp-json\/wp\/v2\/pages"}],"about":[{"href":"https:\/\/cacaosolution.com\/index.php\/wp-json\/wp\/v2\/types\/page"}],"author":[{"embeddable":true,"href":"https:\/\/cacaosolution.com\/index.php\/wp-json\/wp\/v2\/users\/1"}],"replies":[{"embeddable":true,"href":"https:\/\/cacaosolution.com\/index.php\/wp-json\/wp\/v2\/comments?post=1547"}],"version-history":[{"count":3,"href":"https:\/\/cacaosolution.com\/index.php\/wp-json\/wp\/v2\/pages\/1547\/revisions"}],"predecessor-version":[{"id":1705,"href":"https:\/\/cacaosolution.com\/index.php\/wp-json\/wp\/v2\/pages\/1547\/revisions\/1705"}],"wp:attachment":[{"href":"https:\/\/cacaosolution.com\/index.php\/wp-json\/wp\/v2\/media?parent=1547"}],"curies":[{"name":"wp","href":"https:\/\/api.w.org\/{rel}","templated":true}]}}